is the remainder when m is divided by x(1)?
15
Suppose -26*u + 25*u = -1170. Suppose 3*o = -3*d + 801, 5*d - u = 2*o + 137. What is the remainder when (-21)/12 + 2 - d/(-4) is divided by 14?
10
Let z = -1782 + 1837. Let y = -19 - -13. Let p = y + 20. What is the remainder when z is divided by p?
13
Suppose -5*q - 73*v + 1214 = -76*v, 0 = 2*q + 3*v - 494. What is the remainder when q is divided by 10?
4
Let w = -19711 + 20468. Calculate the remainder when w is divided by 10.
7
Suppose -2*y + 414 = 5*r - 436, -3*y - 170 = -r. Calculate the remainder when 419 is divided by r.
79
Let h(g) = 68*g**2 - 8*g + 35. Calculate the remainder when h(5) is divided by 1679.
16
Suppose p + 5*q = 14, -p = -0*q - 5*q + 16. What is the remainder when (p/1)/((-13)/546) is divided by 16?
10
Let w(y) = y + 16. Suppose 7*s - 58 + 9 = 0. Suppose 0 = 2*j - 2*o - o - s, -2*j - o + 27 = 0. Calculate the remainder when w(j) is divided by 11.
5
Let f be ((-9)/5)/((-12)/100). Suppose 12 + 588 = f*u. What is the remainder when 479 is divided by u?
39
Let b(t) = 0*t + 163 + 10*t - t. Calculate the remainder when b(-10) is divided by 26.
21
Suppose -4*m - 5*f = 3875, 5*m - 49*f = -46*f - 4890. Calculate the remainder when 169 is divided by m/(-30) + (45/(-6))/(-5).
33
Suppose -3*c + 7 = -2*c. Let l = -8 + 18. What is the remainder when (-16)/40 - (-84)/l is divided by c?
1
Suppose -75091 = -232*z + 40213. What is the remainder when z is divided by 170?
157
Suppose 5*o - g - 23 = 0, 0*o + 2*g + 22 = 4*o. Suppose f + 10 = 4*z, 50 = 4*f - 9*f - o*z. What is the remainder when 26 is divided by (-94)/f + 38/(-95)?
8
Suppose -15*b = 10141 - 56035 - 2436. Calculate the remainder when b is divided by 104.
102
Suppose -3*s + 241 = j, -4*j - 20 = -0. Calculate the remainder when s is divided by 67.
15
Let t(d) = -d**3 + 5*d**2 + 10. Suppose 6*r = -11 - 97. Let f(l) = -l**2 - 19*l - 13. Let z be f(r). What is the remainder when 16 is divided by t(z)?
6
Let y = -139 + 139. Suppose -3*l - 2*k + 1 = y, -k - 8 = -5*l + 11. Calculate the remainder when 72 is divided by l.
0
Let k(q) = 77*q**2 + 8*q + 10. Let o be k(-2). Suppose -6*j + o = -388. Calculate the remainder when j is divided by 20.
15
Suppose -3*r - 120 = -13*r. Let k = 24 - r. What is the remainder when 40 is divided by k?
4
Let i(q) = 668*q**2 - 4*q - 2. Let d be i(-1). Suppose -9*z - d = -14*z. What is the remainder when z is divided by 35?
29
Let b(l) = l**3 + 20*l**2 + 24. Let p be b(-20). Suppose -28*u + p*u = -104. Calculate the remainder when 70 is divided by u.
18
Let w(o) = -o**3 - 17*o**2 + 17*o - 14. Let l = 18 + -5. Suppose l = 2*t + 11. Calculate the remainder when w(-18) is divided by t.
0
Suppose 0*p = -4*b + 4*p - 160, -b + 2*p = 44. Let o = b - -46. Let f(a) = a**2 + 13*a - 10. Calculate the remainder when o is divided by f(-14).
2
Suppose 18 = -4*f + 2*b - 110, 2*f = -4*b - 64. Let n = 53 + f. Let g = -4282 - -4386. What is the remainder when g is divided by n?
20
Let w = -93 + 176. Let v = -181 + 210. What is the remainder when w is divided by v?
25
Let n(u) = 11*u**2 + 539*u + 26. Calculate the remainder when 149 is divided by n(-49).
19
What is the remainder when 105 is divided by 10/6 - (-18)/(-54)*-253?
19
Let x(b) = -b**3 + 2*b. Let r be x(-2). Let v = r + -4. Suppose -54 = -2*p + 5*y, -4*y - 7 - 9 = v. What is the remainder when 83 is divided by p?
15
Let a = 39015 + -37148. Calculate the remainder when a is divided by 78.
73
Suppose 36680 = -28*a + 21*a. Suppose -2*q - 15 = j + 2*j, -2*j + 2*q = 0. What is the remainder when a/(-120) - (0 + 1/j) is divided by 15?
14
Let a be (10/(-6))/((-4)/(-804)*-1). What is the remainder when 71 is divided by (-12)/54 + 1/(9/a)?
34
Suppose 27*o = 9*o + 2214. What is the remainder when 125 is divided by o?
2
Suppose 77*g = -89*g + 164*g + 436. What is the remainder when g is divided by 26?
10
Let l(y) = 34*y - 300. Let z be l(14). Suppose -z*m - 148 = -180*m. Suppose -b + 6 = -4*f, f = -4*b + 3*f + 24. What is the remainder when m is divided by b?
1
Let o = -85 + 88. Suppose d + 2*d - 138 = 4*b, -o*b - 116 = 4*d. Let u = b + 59. What is the remainder when u is divided by 6?
5
Let x(u) = 3*u**2 - 46*u + 169. What is the remainder when 500 is divided by x(10)?
5
Let l(q) = -q**2 - 21*q - 108. Let c be l(-9). Let a(w) = 21*w + 5. Calculate the remainder when 19 is divided by a(c).
4
Let h(s) = 30*s - 78. Let z = -182 + 187. Calculate the remainder when 283 is divided by h(z).
67
Suppose -23*b + 13*b + 3990 = 0. Suppose -b - 6 = -15*i. What is the remainder when i is divided by 14?
13
Let r(u) = -u**3 + 19*u - 2. Calculate the remainder when r(-5) is divided by (-8)/(-6) - 264/(-18).
12
Suppose 0 = 6*g + 14 - 50. Calculate the remainder when 235 is divided by 4/12 - (-100)/g.
14
Let h = -11079 + 11574. What is the remainder when h is divided by 101?
91
Let v = -23261 - -23338. Let q(j) = j**2 + 2*j + 3. What is the remainder when v is divided by q(4)?
23
Suppose 23*i = 25*i + 4*f - 498, -2*f = -i + 249. What is the remainder when i is divided by 63?
60
Let x(v) = v**2 - 2*v + 6. Let t be x(6). Suppose 0 = t*b - 2*b - 2632. Calculate the remainder when b is divided by 16.
14
Suppose 3*y - 225 = 3*b, -3*y + 2*b = -58 - 165. Calculate the remainder when -2 + 4 - (-1 - y) is divided by (-29 - (-1725)/60) + 65/4.
12
Suppose 0 = -5*j - 298 + 68. Suppose -75 = 536*a - 537*a. Let b = a + j. Calculate the remainder when b is divided by 20.
9
Suppose 9*q - 687 = 2*q + 3*l, -l = -q + 101. Calculate the remainder when 992 is divided by q.
32
Suppose -70 = 5*v - 290. Suppose -5*x + 3*x + 14 = 0. Let z = v - x. What is the remainder when z is divided by 15?
7
Let o = 114 - 64. Let g be (121/(-33))/(-11)*0. Suppose g = -358*i + 369*i - 143. What is the remainder when o is divided by i?
11
Let o(m) = 27*m - 36 - 61*m + 48*m. Calculate the remainder when o(16) is divided by 32.
28
Let b be 6*12298/(-99) + 2/(-3). Let d = b - -783. Calculate the remainder when 107 is divided by d.
33
Suppose 26*k + 66 = 28*k. Calculate the remainder when 1293/k + 20/(-110) is divided by ((-6)/15)/((-2)/40).
7
Let t(o) = o**3 - o**2 + 3*o + 4. Suppose -r = 4*p - 93, -p + 0*p = 4*r - 342. Suppose 3*s - r = -2*s. Calculate the remainder when t(3) is divided by s.
14
Suppose -31*j - 1608 = -1218 - 4575. Calculate the remainder when 420 is divided by j.
15
Let t be ((-96)/27 - -4) + 200/(-45). Let b(v) = -79*v + 55. Calculate the remainder when b(t) is divided by 31.
30
Suppose -19*f + 1895 + 4090 = -703. What is the remainder when f is divided by 326?
26
Let l(s) = -s**3 - 4*s**2. Let g be l(-4). Let p(w) = -w**3 - w**2 - w + 11. Let z = 55 + -36. Calculate the remainder when z is divided by p(g).
8
Calculate the remainder when 105 is divided by (-34)/(-51)*(0 + 18).
9
Suppose -3*d = -12, 3*f = 9*d - 14*d + 74. Let b(a) = -2*a. Let c be b(2). Let i = f + c. What is the remainder when 95 is divided by i?
11
Suppose 5*q + 5*s - 9615 = 0, -q + 637*s - 635*s + 1941 = 0. Calculate the remainder when 3858 is divided by q.
0
Let j = 13693 + -13686. Let b = 12 + -7. Calculate the remainder when j is divided by b.
2
Let q(n) = -n**3 + 10*n**2 + 25*n + 10. Let y be q(12). Let j = y - 9. Suppose 6*v = j*v - 210. What is the remainder when 58 is divided by v?
28
Suppose -24*t + 3399 - 879 = 0. What is the remainder when 982 is divided by t?
37
Let u = -414 - -422. Suppose 5*v - 1935 = 7*a - u*a, 1542 = 4*v + 2*a. What is the remainder when v is divided by 13?
11
Let c(b) = -10 + 9*b**2 + 2*b - 828*b**3 - 5*b**2 + 827*b**3. What is the remainder when 326 is divided by c(-3)?
44
Let t = 1024 - 940. Calculate the remainder when t is divided by 8.
4
Let p(u) = -14*u - 70. Let a be p(-6). Let m(c) = 7*c + 4. Calculate the remainder when m(a) is divided by 26.
24
Suppose -5*w + 92 - 17 = 0. Let t be 430/w*(-18)/(-4 - -1). Suppose 2*z + z - s - t = 0, z = 4*s + 72. Calculate the remainder when z is divided by 15.
11
Suppose -4*d - d = -25. Suppose g - k - 14 = 0, -3*g + 3*k = d*k - 27. Calculate the remainder when 41 is divided by g.
8
Let o(x) = 22*x**2 - 18*x + 35. Suppose 7*z = 10*z - 162. Calculate the remainder when o(4) is divided by z.
45
Suppose -2*y - 40 = -3*l, -l - 4*y + 12 = -5*y. Let z = 34 - 34. Suppose 4*w = -